= 3*t - 20. Suppose 0*a - 4*a = -584. Let l = -99 + a. What is the remainder when l is divided by t?
15
Let m = 17 - 10. What is the remainder when 13 is divided by m?
6
Let w(s) = -s**3 + 6*s**2 + 3*s - 7. What is the remainder when w(5) is divided by 12?
9
Calculate the remainder when (-1)/(1*(-2)/94) is divided by 16.
15
Suppose -184 = -6*w + 158. What is the remainder when w is divided by 30?
27
Let i(t) = t**2 - 9*t + 32. What is the remainder when 71 is divided by i(7)?
17
Suppose -79 = s - 198. Calculate the remainder when s is divided by 43.
33
Let t be (-3)/(-6) - (-2)/(-4). Suppose -5*p + 86 - 16 = t. Let b = -66 + 71. Calculate the remainder when p is divided by b.
4
Suppose 0 = 4*i + h - 154, -14 + 42 = i - 5*h. What is the remainder when 112 is divided by i?
36
Let n = 31 - 20. Suppose -35 = -3*f - n. What is the remainder when 21 is divided by f?
5
Suppose s = -4*s + 325. Let a = -55 - -78. What is the remainder when a is divided by 2*(s/(-2))/(-5)?
10
Calculate the remainder when 6/(-10)*(-7 + -48) is divided by 23.
10
Suppose -124 = -3*y - 2*g, -4*g - g = 4*y - 163. Suppose d - 3 = -5*s + 2, -4*d - 10 = 5*s. Suppose v - y = -s*v. What is the remainder when 40 is divided by v?
12
Let p(u) = -u**3 - 5*u**2 - 3*u - 15. What is the remainder when 154 is divided by p(-6)?
37
Let l(n) = -n**2 - 9*n - 9. Calculate the remainder when l(-6) is divided by 3.
0
Let b(r) = r**3 - 15*r**2 - 6*r - 32. Calculate the remainder when b(16) is divided by 26.
24
Suppose 0 = -2*l + 8 + 6. Suppose -3 = -0*q + q. What is the remainder when l is divided by ((q + 19)/2)/2?
3
Suppose -93*d + 110 = -88*d. What is the remainder when 41 is divided by d?
19
Suppose -3*j + 3 - 8 = 2*l, 0 = -3*l - j + 3. Let u be 17/l - 3/(-6). Calculate the remainder when ((-6)/u)/(4/(-114)) is divided by 10.
9
Let b = 0 - -13. Suppose 4 = -q + b. Let y = 55 - 38. What is the remainder when y is divided by q?
8
Suppose -19 = -3*d - 4*v + 9*v, -4 = -v. Calculate the remainder when 50 is divided by d.
11
Let g = 16 + -36. Let l = -12 - g. Calculate the remainder when 22 is divided by l.
6
Let n = 0 + 3. Suppose -5 = 3*c - 8, n*h = 3*c + 21. Let m(d) = 22*d**2. Calculate the remainder when m(-1) is divided by h.
6
Let p be (3 - 6) + 1 + 2. Suppose p = -3*s + 2*s + 12. What is the remainder when s is divided by 7?
5
Let k(t) = -4*t**2 + 9*t - 6. Let y(o) = -3*o**2 + 9*o - 5. Let m(j) = -2*k(j) + 3*y(j). What is the remainder when 49 is divided by m(5)?
15
Let w = -5 - -7. Suppose 4*x = 124 - 12. What is the remainder when x is divided by (-2 - -4)*15/w?
13
Suppose -3*a = -a + 2*b - 42, 0 = 5*a - 2*b - 98. Calculate the remainder when 39 is divided by a.
19
Let p = -40 - -52. Calculate the remainder when 57 is divided by p.
9
Let h = -16 + 54. Suppose -3*b + 13 = -h. Let d(y) = 9*y. What is the remainder when b is divided by d(1)?
8
Suppose 50 = 2*v + 3*v. Suppose 0 = 2*q + 5*o - 24, q + 2*q - v = -o. Suppose q*i - 32 = 5*f + 2, f = -i + 17. What is the remainder when 49 is divided by i?
15
Suppose 0 = j + 2*v, 2*v - 3 = 2*j - 15. Suppose -2*w - i + 7 = -17, 0 = -j*w - i + 52. Calculate the remainder when 27 is divided by w.
13
Suppose -10 = 4*l + 2. Let i = 1 - l. What is the remainder when 6 is divided by i?
2
Let q(k) be the first derivative of k**3/3 - 15*k**2/2 - 9*k - 5. What is the remainder when q(17) is divided by 14?
11
Suppose 5*n - 138 = 237. What is the remainder when n is divided by 7?
5
Let h(i) = -i**2 + 5*i - 2. Let l be h(4). Let s be ((-4)/4)/((-1)/l). Suppose 3*v - s*v - 17 = 0. What is the remainder when 33 is divided by v?
16
Let o(k) = -k**3 + 6*k**2 + k - 2. Let q be o(6). Calculate the remainder when -3*(q*-1 + 3) is divided by 2.
1
Let v = 6 - 0. Let d = v - 4. Let f(s) = 2*s**3 - s**2 - 2. What is the remainder when 28 is divided by f(d)?
8
Let a = -8 + 15. Let w = a + -2. What is the remainder when 117/w + (-6)/15 is divided by 8?
7
Let t be -14*((-16)/(-14) - 2). Suppose 0*s - 2*s - t = 0. Calculate the remainder when (-3)/(-2)*(-292)/s is divided by 25.
23
Let v = 29 - 10. Suppose -v*z + 60 = -14*z. Calculate the remainder when z is divided by 5.
2
Suppose -4*w + 1 = -3*o - 3, -5*w = -o - 16. Suppose -3*j + w*g = -36, -4*g + 63 = 3*j + g. What is the remainder when 46 is divided by j?
14
Let m(i) = -12*i - 2. Let x(u) = -35*u - 5. Let p(k) = -8*m(k) + 3*x(k). What is the remainder when 19 is divided by p(-1)?
9
Suppose 2*v + 0*t + t = 5, -t = -5*v + 23. Calculate the remainder when 44 is divided by (-30)/v*(10 - 12).
14
Suppose -196 = -3*l + 2. Suppose 2*n + 5*f = 4*f + 44, -3*n - f = -l. Calculate the remainder when n is divided by 8.
6
Let v(s) = -4*s**2 + 32*s + 15. Calculate the remainder when 42 is divided by v(8).
12
What is the remainder when -4 - 4/1*582/(-24) is divided by 49?
44
Let a(g) = g**2 + 7 - 8*g - 5*g - g. Suppose 2*n = 2*k - 2 + 28, -2*k = -n + 18. What is the remainder when a(15) is divided by n?
6
Let d(r) = r**2 - 3*r - 8. Calculate the remainder when 3/2*(-118)/(-3) is divided by d(7).
19
Suppose 30 = 5*c - 5*a, -c + 5*a = -3*c - 2. Suppose 5*y - 5*w = c*y + 82, 0 = 2*y + 5*w - 89. What is the remainder when y is divided by 15?
12
Suppose -d + 4*d = 30. What is the remainder when 18 is divided by d?
8
Suppose o + 3*n - 3 = -n, -4*n + 54 = -2*o. Let c = 20 - o. What is the remainder when c is divided by 93/5 - (-2)/5?
18
Suppose 0 = -21*y + 24*y - 51. Let m(p) = -p**3 + 11*p**2 - 4*p + 6. Calculate the remainder when m(10) is divided by y.
15
Suppose 0 = -5*o - 3*n + n + 50, 4*o + 4*n = 28. Calculate the remainder when 35 is divided by o.
11
Let q(w) = 1. Let t(c) = -16*c - 8. Let i(h) = 6*q(h) + t(h). What is the remainder when i(-3) is divided by 12?
10
Calculate the remainder when 49 is divided by 99/4 - (-6)/24.
24
Let l(r) = r**2 + 1. Let h be l(2). Suppose -h*t = 2*i - 7*i + 25, 0 = -i - t + 3. Let q = -67 + 70. Calculate the remainder when i is divided by q.
1
Let x = 7 - 3. Suppose -72 = -4*j - x*s, -j - 4*s + 34 = j. What is the remainder when 73 is divided by j?
16
Let a = 18 + -10. Let j = a + -2. Calculate the remainder when 16 is divided by j.
4
Suppose 6 + 3 = 3*n. Suppose 24 = 3*w - 24. Calculate the remainder when (43/n - -1)*3 is divided by w.
14
Calculate the remainder when 64 is divided by 3 + 2 + 17 + 0.
20
Let g = 98 + -167. Let b = g + 110. What is the remainder when b is divided by 21?
20
Let k = 15 - 14. Suppose k = 5*w - 4. What is the remainder when w is divided by 1?
0
Suppose -12 = 2*b - 2*n - 62, 0 = 5*b - n - 105. Calculate the remainder when b is divided by 11.
9
Let x(a) = a**3 + 6*a**2 + 4*a - 3. Let h = -9 + 15. Suppose -2*i - i + h = 0. Calculate the remainder when x(-5) is divided by i.
0
Let d(m) = 13*m - 7. Let l be d(3). Let i = l - 22. What is the remainder when 19 is divided by i?
9
Suppose -4*n = 3*o - 286, -4*o + 2*o = 2*n - 188. Suppose 3*b + 20 = 4*b - 2*i, o = 4*b + 2*i. What is the remainder when 64 is divided by b?
20
Suppose 0 - 16 = -4*o. Suppose z - 50 = -o*z. Let h(s) = 6*s**2 + 3*s - 1. What is the remainder when h(2) is divided by z?
9
Let r(j) = -j**2 + 6. What is the remainder when 78/5 - 4/(-10) is divided by r(0)?
4
Let c(l) = l. Let y(o) = -11*o + 5. Let z(m) = -5*c(m) - y(m). Let s be z(4). Let d = -4 + s. What is the remainder when d is divided by 8?
7
Let r(u) = -u**3 + 7*u**2 - 6*u + 8. Let i = 93 + -62. Calculate the remainder when i is divided by r(6).
7
Suppose r - 12 = 14. What is the remainder when 102 is divided by r?
24
Let j(s) = -s**2 + 14. Let i be 2/(60/(-27) + 2). Let z = i - -17. Calculate the remainder when j(0) is divided by z.
6
Suppose -4*r + 4*i = -28, 2*r + i = 2*i + 17. Let y(b) = 2*b - 8. What is the remainder when r is divided by y(6)?
2
Let l(v) = -24*v - 175. Suppose -3*t + t = 0, -a + 17 = -4*t. What is the remainder when l(-10) is divided by a?
14
Let j(d) = -d**3 - 3*d**2 - 4. Suppose u - 20 = 19. Suppose -q = -5*p - u, -2*p - 1 - 1 = 0. Calculate the remainder when q is divided by j(-4).
10
Let q(m) = 2*m**3 + 2*m**2 - m + 36. Calculate the remainder when 71 is divided by q(0).
35
Let o(n) = n**3 + 6*n**2 + 2*n + 3. Calculate the remainder when o(-5) is divided by 7.
4
Suppose 5*c = -0*c + 80. Let i be (-250)/(-3)*(-162)/(-45). Suppo